test common divisor of 413728 and 672.
224
What is the highest common factor of 24448004 and 1204?
28
Calculate the greatest common factor of 4512 and 2524832.
32
What is the greatest common divisor of 230897755 and 55?
55
What is the greatest common divisor of 22264 and 4183056?
184
Calculate the greatest common divisor of 60 and 17670336.
12
Calculate the greatest common divisor of 175877202 and 5316.
2658
What is the highest common factor of 13730406 and 2672?
334
What is the greatest common divisor of 1630 and 10852214?
326
What is the highest common factor of 4240350 and 15356?
698
What is the greatest common factor of 2004553 and 62?
31
Calculate the highest common factor of 2865152 and 80.
16
Calculate the greatest common divisor of 4634 and 76354418.
4634
Calculate the greatest common divisor of 672 and 333088.
224
Calculate the highest common factor of 4602 and 2510391.
2301
Calculate the highest common factor of 10827120 and 33720.
120
What is the greatest common divisor of 321214136 and 184?
184
Calculate the highest common divisor of 3062 and 534420046.
3062
Calculate the highest common divisor of 404928 and 1475856.
5328
What is the highest common factor of 92 and 2466773?
23
What is the greatest common factor of 6 and 6956988?
6
What is the highest common factor of 659054 and 10208?
638
Calculate the highest common divisor of 205342840 and 40.
40
Calculate the highest common divisor of 1012331 and 17.
1
Calculate the greatest common factor of 488224 and 24992.
352
Calculate the greatest common divisor of 2053692 and 16.
4
What is the highest common factor of 5269535 and 40?
5
Calculate the highest common divisor of 108952 and 144.
8
What is the greatest common divisor of 3318 and 1405726?
1106
What is the highest common factor of 4752 and 30412206?
594
Calculate the greatest common factor of 31592708 and 1771.
161
What is the greatest common factor of 50764 and 19449346?
518
Calculate the highest common factor of 2810 and 421860.
10
What is the greatest common divisor of 32 and 6410272?
32
What is the greatest common factor of 269616 and 8159?
41
What is the greatest common factor of 240 and 2341488?
48
Calculate the highest common divisor of 37469 and 9.
1
What is the greatest common divisor of 57702 and 779466?
978
What is the highest common divisor of 50197380 and 9?
3
What is the highest common factor of 140 and 12111715?
35
What is the highest common divisor of 36 and 494948898?
18
What is the greatest common factor of 47931 and 2496?
39
What is the greatest common divisor of 1502900 and 56?
28
What is the greatest common factor of 281338045 and 415?
415
Calculate the highest common factor of 472024695 and 19.
19
What is the highest common factor of 2655208 and 305?
61
Calculate the greatest common divisor of 2393916 and 8022.
42
What is the highest common divisor of 87061 and 11993241?
2353
Calculate the highest common divisor of 558 and 171821158.
62
What is the greatest common factor of 67394808 and 432?
216
Calculate the greatest common divisor of 139800351 and 6492.
1623
What is the highest common factor of 201250 and 17920450?
1150
Calculate the greatest common divisor of 7791 and 171561.
159
Calculate the highest common factor of 200 and 212505100.
100
What is the greatest common divisor of 24 and 328843920?
24
What is the highest common divisor of 3195 and 35730?
45
What is the highest common factor of 209235 and 247715?
2405
What is the highest common divisor of 112391 and 2549923?
167
Calculate the highest common factor of 117225712 and 416.
16
What is the greatest common divisor of 380663 and 16235?
191
Calculate the highest common divisor of 11868 and 77698807.
989
Calculate the greatest common factor of 141255807 and 924.
231
Calculate the greatest common divisor of 3492 and 8380024.
388
Calculate the highest common divisor of 17663043 and 9.
3
What is the greatest common factor of 10051 and 27808472?
529
What is the highest common divisor of 85861512 and 88?
88
Calculate the highest common factor of 5568502 and 63431.
137
What is the greatest common divisor of 25 and 768261400?
25
Calculate the greatest common divisor of 101196 and 192.
12
What is the greatest common divisor of 702034 and 95669?
173
Calculate the highest common factor of 1632758 and 3509.
29
What is the greatest common factor of 21344 and 42949?
29
What is the greatest common factor of 592168953 and 215?
43
What is the greatest common divisor of 86256 and 692?
4
What is the greatest common factor of 3814046096 and 16?
16
What is the greatest common divisor of 73806 and 1428?
6
Calculate the highest common divisor of 86 and 28386751.
43
What is the highest common divisor of 4160478 and 54978?
714
What is the highest common factor of 1005 and 11268225?
15
Calculate the greatest common divisor of 113531 and 15829.
11
What is the highest common factor of 4473 and 282066386?
497
What is the greatest common factor of 167883 and 488241?
321
Calculate the greatest common divisor of 120633 and 7163157.
1527
What is the greatest common factor of 9211 and 527101?
61
Calculate the highest common factor of 168976314 and 546.
78
What is the highest common factor of 8524260 and 497?
71
What is the highest common divisor of 42552 and 3741424?
1576
Calculate the greatest common factor of 802500 and 3540.
60
Calculate the highest common factor of 272 and 26064604.
68
What is the highest common factor of 4882773 and 105?
21
What is the greatest common divisor of 150 and 951077670?
30
Calculate the highest common divisor of 626365 and 25.
5
What is the highest common factor of 22410 and 166830?
2490
What is the greatest common factor of 533 and 101699?
13
What is the greatest common divisor of 233410 and 1010?
10
Calculate the greatest common divisor of 70 and 55417418.
14
Calculate the greatest common factor of 3 and 6695586.
3
Calculate the greatest common factor of 258 and 1052729526.
258
What is the highest common factor of 2111094 and 126?
18
Calculate the greatest common factor of 238641 and 18990.
633
What is the greatest common divisor of 2478 and 823601709?
1239
What is the greatest common divisor of 668393505 and 14067?
14067
Calculate the highest common divisor of 2176 and 1624656.
272
Calculate the greatest common factor of 26 and 12519247.
13
What is the highest common factor of 4624 and 38966448?
4624
What is the greatest common divisor of 14011754 and 4?
2
Calculate the highest common divisor of 1378976261 and 177.
59
Calculate the highest common factor of 100 and 1488952350.
50
What is the greatest common factor of 9524 and 1640?
4
Calculate the highest common factor of 82775180 and 6040.
3020
What is the greatest common factor of 41077363 and 894?
149
Calculate the greatest common divisor of 1921644 and 1968.
12
What is the highest common factor of 11368 and 28185535?
1421
Calculate the greatest common factor of 6291153 and 2943.
981
What is the greatest common divisor of 52 and 477711?
13
What is the highest common divisor of 2833 and 259120345?
2833
Calculate the greatest common divisor of 133505638 and 91.
7
Calculate the highest common factor of 12752 and 319072.
16
Calculate the highest common divisor of 3992 and 6040395.
499
Calculate the greatest common divisor of 4195 and 62689241.
839
Calculate the greatest common divisor of 171228928 and 1794.
598
Calculate the greatest common factor of 14 and 392520527.
7
Calculate the greatest common divisor of 928 and 1592672.
32
Calculate the greatest common factor of 203237376 and 31338.
10446
Calculate the highest common divisor of 42504605 and 2145.
715
Calculate the greatest common divisor of 216909 and 16902.
2817
What is the highest common factor of 5722470 and 130?
130
Calculate the highest common factor of 1071700 and 800.
100
Calculate the highest common divisor of 60639 and 4179909.
2091
What is the highest common divisor of 629 and 119491426?
37
Calculate the greatest common factor of 3 and 908156.
1
What is the greatest common factor of 7310728 and 21016?
568
Calculate the greatest common divisor of 57860 and 6620.
20
What is the greatest common factor of 5140 and 5593605?
1285
Calculate the greatest common factor of 64600 and 14780.
20
Calculate the greatest common divisor of 111941